{"id":75,"date":"2021-03-26T12:08:46","date_gmt":"2021-03-26T12:08:46","guid":{"rendered":"https:\/\/alperent.si\/?page_id=75"},"modified":"2021-03-26T12:09:32","modified_gmt":"2021-03-26T12:09:32","slug":"kje-smo","status":"publish","type":"page","link":"https:\/\/alperent.si\/index.php\/kje-smo\/","title":{"rendered":"KJE SMO?"},"content":{"rendered":"\t\t<div data-elementor-type=\"wp-page\" data-elementor-id=\"75\" class=\"elementor elementor-75\">\n\t\t\t\t\t\t<section class=\"elementor-section elementor-top-section elementor-element elementor-element-b05bf8b elementor-section-boxed elementor-section-height-default elementor-section-height-default\" data-id=\"b05bf8b\" data-element_type=\"section\">\n\t\t\t\t\t\t<div class=\"elementor-container elementor-column-gap-default\">\n\t\t\t\t\t<div class=\"elementor-column elementor-col-100 elementor-top-column elementor-element elementor-element-c49c5d0\" data-id=\"c49c5d0\" data-element_type=\"column\">\n\t\t\t<div class=\"elementor-widget-wrap elementor-element-populated\">\n\t\t\t\t\t\t<div class=\"elementor-element elementor-element-80bc79e elementor-widget elementor-widget-heading\" data-id=\"80bc79e\" data-element_type=\"widget\" data-widget_type=\"heading.default\">\n\t\t\t\t<div class=\"elementor-widget-container\">\n\t\t\t\t\t<h2 class=\"elementor-heading-title elementor-size-default\">Kje nas najdete?<\/h2>\t\t\t\t<\/div>\n\t\t\t\t<\/div>\n\t\t\t\t\t<\/div>\n\t\t<\/div>\n\t\t\t\t\t<\/div>\n\t\t<\/section>\n\t\t\t\t<section class=\"elementor-section elementor-top-section elementor-element elementor-element-e5f3fb2 elementor-section-boxed elementor-section-height-default elementor-section-height-default\" data-id=\"e5f3fb2\" data-element_type=\"section\">\n\t\t\t\t\t\t<div class=\"elementor-container elementor-column-gap-default\">\n\t\t\t\t\t<div class=\"elementor-column elementor-col-100 elementor-top-column elementor-element elementor-element-1cadb2e\" data-id=\"1cadb2e\" data-element_type=\"column\">\n\t\t\t<div class=\"elementor-widget-wrap elementor-element-populated\">\n\t\t\t\t\t\t<div class=\"elementor-element elementor-element-f2c5881 elementor-widget elementor-widget-google_maps\" data-id=\"f2c5881\" data-element_type=\"widget\" data-widget_type=\"google_maps.default\">\n\t\t\t\t<div class=\"elementor-widget-container\">\n\t\t\t\t\t\t\t<div class=\"elementor-custom-embed\">\n\t\t\t<iframe loading=\"lazy\"\n\t\t\t\t\tsrc=\"https:\/\/maps.google.com\/maps?q=cesta%20%C5%BEelezarjev%2021&#038;t=m&#038;z=15&#038;output=embed&#038;iwloc=near\"\n\t\t\t\t\ttitle=\"cesta \u017eelezarjev 21\"\n\t\t\t\t\taria-label=\"cesta \u017eelezarjev 21\"\n\t\t\t><\/iframe>\n\t\t<\/div>\n\t\t\t\t\t\t<\/div>\n\t\t\t\t<\/div>\n\t\t\t\t\t<\/div>\n\t\t<\/div>\n\t\t\t\t\t<\/div>\n\t\t<\/section>\n\t\t\t\t<\/div>\n\t\t","protected":false},"excerpt":{"rendered":"<p>Kje nas najdete?<\/p>\n","protected":false},"author":1,"featured_media":0,"parent":0,"menu_order":0,"comment_status":"closed","ping_status":"closed","template":"","meta":{"_kad_post_transparent":"","_kad_post_title":"hide","_kad_post_layout":"fullwidth","_kad_post_sidebar_id":"","_kad_post_content_style":"unboxed","_kad_post_vertical_padding":"hide","_kad_post_feature":"hide","_kad_post_feature_position":"","_kad_post_header":false,"_kad_post_footer":false,"footnotes":""},"class_list":["post-75","page","type-page","status-publish","hentry"],"yoast_head":"<!-- This site is optimized with the Yoast SEO plugin v24.8.1 - https:\/\/yoast.com\/wordpress\/plugins\/seo\/ -->\n<title>KJE SMO? -<\/title>\n<meta name=\"description\" content=\"Rent a car, rentacar, cleaning service, rent, car, cleaning service, tourism, \u010di\u0161\u010denje, \u0161koda, dnevno \u010di\u0161\u010denje, tedensko \u010di\u0161\u010denje, \u010di\u0161\u010denje prostorov, cleaning, weekly cleaning, room cleaning, \u010di\u0161\u010denje po dogovoru, \u010di\u0161\u010denje objektov, kranj, ljubljana, slovenija, najem, room cleaning\" \/>\n<meta name=\"robots\" content=\"index, follow, max-snippet:-1, max-image-preview:large, max-video-preview:-1\" \/>\n<link rel=\"canonical\" href=\"https:\/\/alperent.si\/index.php\/kje-smo\/\" \/>\n<meta property=\"og:locale\" content=\"en_US\" \/>\n<meta property=\"og:type\" content=\"article\" \/>\n<meta property=\"og:title\" content=\"KJE SMO? -\" \/>\n<meta property=\"og:description\" content=\"Rent a car, rentacar, cleaning service, rent, car, cleaning service, tourism, \u010di\u0161\u010denje, \u0161koda, dnevno \u010di\u0161\u010denje, tedensko \u010di\u0161\u010denje, \u010di\u0161\u010denje prostorov, cleaning, weekly cleaning, room cleaning, \u010di\u0161\u010denje po dogovoru, \u010di\u0161\u010denje objektov, kranj, ljubljana, slovenija, najem, room cleaning\" \/>\n<meta property=\"og:url\" content=\"https:\/\/alperent.si\/index.php\/kje-smo\/\" \/>\n<meta property=\"article:publisher\" content=\"https:\/\/www.facebook.com\/AlpeRent17\" \/>\n<meta property=\"article:modified_time\" content=\"2021-03-26T12:09:32+00:00\" \/>\n<meta property=\"og:image\" content=\"https:\/\/alperent.si\/wp-content\/uploads\/2021\/03\/cropped-cropped-imageedit_6_3150781374.png\" \/>\n\t<meta property=\"og:image:width\" content=\"572\" \/>\n\t<meta property=\"og:image:height\" content=\"229\" \/>\n\t<meta property=\"og:image:type\" content=\"image\/png\" \/>\n<meta name=\"twitter:card\" content=\"summary_large_image\" \/>\n<script type=\"application\/ld+json\" class=\"yoast-schema-graph\">{\"@context\":\"https:\/\/schema.org\",\"@graph\":[{\"@type\":\"WebPage\",\"@id\":\"https:\/\/alperent.si\/index.php\/kje-smo\/\",\"url\":\"https:\/\/alperent.si\/index.php\/kje-smo\/\",\"name\":\"KJE SMO? -\",\"isPartOf\":{\"@id\":\"https:\/\/alperent.si\/#website\"},\"datePublished\":\"2021-03-26T12:08:46+00:00\",\"dateModified\":\"2021-03-26T12:09:32+00:00\",\"description\":\"Rent a car, rentacar, cleaning service, rent, car, cleaning service, tourism, \u010di\u0161\u010denje, \u0161koda, dnevno \u010di\u0161\u010denje, tedensko \u010di\u0161\u010denje, \u010di\u0161\u010denje prostorov, cleaning, weekly cleaning, room cleaning, \u010di\u0161\u010denje po dogovoru, \u010di\u0161\u010denje objektov, kranj, ljubljana, slovenija, najem, room cleaning\",\"breadcrumb\":{\"@id\":\"https:\/\/alperent.si\/index.php\/kje-smo\/#breadcrumb\"},\"inLanguage\":\"en-US\",\"potentialAction\":[{\"@type\":\"ReadAction\",\"target\":[\"https:\/\/alperent.si\/index.php\/kje-smo\/\"]}]},{\"@type\":\"BreadcrumbList\",\"@id\":\"https:\/\/alperent.si\/index.php\/kje-smo\/#breadcrumb\",\"itemListElement\":[{\"@type\":\"ListItem\",\"position\":1,\"name\":\"Home\",\"item\":\"https:\/\/alperent.si\/\"},{\"@type\":\"ListItem\",\"position\":2,\"name\":\"KJE SMO?\"}]},{\"@type\":\"WebSite\",\"@id\":\"https:\/\/alperent.si\/#website\",\"url\":\"https:\/\/alperent.si\/\",\"name\":\"\",\"description\":\"Alperent\",\"publisher\":{\"@id\":\"https:\/\/alperent.si\/#organization\"},\"potentialAction\":[{\"@type\":\"SearchAction\",\"target\":{\"@type\":\"EntryPoint\",\"urlTemplate\":\"https:\/\/alperent.si\/?s={search_term_string}\"},\"query-input\":{\"@type\":\"PropertyValueSpecification\",\"valueRequired\":true,\"valueName\":\"search_term_string\"}}],\"inLanguage\":\"en-US\"},{\"@type\":\"Organization\",\"@id\":\"https:\/\/alperent.si\/#organization\",\"name\":\"Alperent d.o,o.\",\"url\":\"https:\/\/alperent.si\/\",\"logo\":{\"@type\":\"ImageObject\",\"inLanguage\":\"en-US\",\"@id\":\"https:\/\/alperent.si\/#\/schema\/logo\/image\/\",\"url\":\"https:\/\/alperent.si\/wp-content\/uploads\/2021\/03\/cropped-cropped-imageedit_6_3150781374.png\",\"contentUrl\":\"https:\/\/alperent.si\/wp-content\/uploads\/2021\/03\/cropped-cropped-imageedit_6_3150781374.png\",\"width\":572,\"height\":229,\"caption\":\"Alperent d.o,o.\"},\"image\":{\"@id\":\"https:\/\/alperent.si\/#\/schema\/logo\/image\/\"},\"sameAs\":[\"https:\/\/www.facebook.com\/AlpeRent17\",\"https:\/\/www.instagram.com\/rentacar_alperent\/\"]}]}<\/script>\n<!-- \/ Yoast SEO plugin. -->","yoast_head_json":{"title":"KJE SMO? -","description":"Rent a car, rentacar, cleaning service, rent, car, cleaning service, tourism, \u010di\u0161\u010denje, \u0161koda, dnevno \u010di\u0161\u010denje, tedensko \u010di\u0161\u010denje, \u010di\u0161\u010denje prostorov, cleaning, weekly cleaning, room cleaning, \u010di\u0161\u010denje po dogovoru, \u010di\u0161\u010denje objektov, kranj, ljubljana, slovenija, najem, room cleaning","robots":{"index":"index","follow":"follow","max-snippet":"max-snippet:-1","max-image-preview":"max-image-preview:large","max-video-preview":"max-video-preview:-1"},"canonical":"https:\/\/alperent.si\/index.php\/kje-smo\/","og_locale":"en_US","og_type":"article","og_title":"KJE SMO? -","og_description":"Rent a car, rentacar, cleaning service, rent, car, cleaning service, tourism, \u010di\u0161\u010denje, \u0161koda, dnevno \u010di\u0161\u010denje, tedensko \u010di\u0161\u010denje, \u010di\u0161\u010denje prostorov, cleaning, weekly cleaning, room cleaning, \u010di\u0161\u010denje po dogovoru, \u010di\u0161\u010denje objektov, kranj, ljubljana, slovenija, najem, room cleaning","og_url":"https:\/\/alperent.si\/index.php\/kje-smo\/","article_publisher":"https:\/\/www.facebook.com\/AlpeRent17","article_modified_time":"2021-03-26T12:09:32+00:00","og_image":[{"width":572,"height":229,"url":"https:\/\/alperent.si\/wp-content\/uploads\/2021\/03\/cropped-cropped-imageedit_6_3150781374.png","type":"image\/png"}],"twitter_card":"summary_large_image","schema":{"@context":"https:\/\/schema.org","@graph":[{"@type":"WebPage","@id":"https:\/\/alperent.si\/index.php\/kje-smo\/","url":"https:\/\/alperent.si\/index.php\/kje-smo\/","name":"KJE SMO? -","isPartOf":{"@id":"https:\/\/alperent.si\/#website"},"datePublished":"2021-03-26T12:08:46+00:00","dateModified":"2021-03-26T12:09:32+00:00","description":"Rent a car, rentacar, cleaning service, rent, car, cleaning service, tourism, \u010di\u0161\u010denje, \u0161koda, dnevno \u010di\u0161\u010denje, tedensko \u010di\u0161\u010denje, \u010di\u0161\u010denje prostorov, cleaning, weekly cleaning, room cleaning, \u010di\u0161\u010denje po dogovoru, \u010di\u0161\u010denje objektov, kranj, ljubljana, slovenija, najem, room cleaning","breadcrumb":{"@id":"https:\/\/alperent.si\/index.php\/kje-smo\/#breadcrumb"},"inLanguage":"en-US","potentialAction":[{"@type":"ReadAction","target":["https:\/\/alperent.si\/index.php\/kje-smo\/"]}]},{"@type":"BreadcrumbList","@id":"https:\/\/alperent.si\/index.php\/kje-smo\/#breadcrumb","itemListElement":[{"@type":"ListItem","position":1,"name":"Home","item":"https:\/\/alperent.si\/"},{"@type":"ListItem","position":2,"name":"KJE SMO?"}]},{"@type":"WebSite","@id":"https:\/\/alperent.si\/#website","url":"https:\/\/alperent.si\/","name":"","description":"Alperent","publisher":{"@id":"https:\/\/alperent.si\/#organization"},"potentialAction":[{"@type":"SearchAction","target":{"@type":"EntryPoint","urlTemplate":"https:\/\/alperent.si\/?s={search_term_string}"},"query-input":{"@type":"PropertyValueSpecification","valueRequired":true,"valueName":"search_term_string"}}],"inLanguage":"en-US"},{"@type":"Organization","@id":"https:\/\/alperent.si\/#organization","name":"Alperent d.o,o.","url":"https:\/\/alperent.si\/","logo":{"@type":"ImageObject","inLanguage":"en-US","@id":"https:\/\/alperent.si\/#\/schema\/logo\/image\/","url":"https:\/\/alperent.si\/wp-content\/uploads\/2021\/03\/cropped-cropped-imageedit_6_3150781374.png","contentUrl":"https:\/\/alperent.si\/wp-content\/uploads\/2021\/03\/cropped-cropped-imageedit_6_3150781374.png","width":572,"height":229,"caption":"Alperent d.o,o."},"image":{"@id":"https:\/\/alperent.si\/#\/schema\/logo\/image\/"},"sameAs":["https:\/\/www.facebook.com\/AlpeRent17","https:\/\/www.instagram.com\/rentacar_alperent\/"]}]}},"_links":{"self":[{"href":"https:\/\/alperent.si\/index.php\/wp-json\/wp\/v2\/pages\/75","targetHints":{"allow":["GET"]}}],"collection":[{"href":"https:\/\/alperent.si\/index.php\/wp-json\/wp\/v2\/pages"}],"about":[{"href":"https:\/\/alperent.si\/index.php\/wp-json\/wp\/v2\/types\/page"}],"author":[{"embeddable":true,"href":"https:\/\/alperent.si\/index.php\/wp-json\/wp\/v2\/users\/1"}],"replies":[{"embeddable":true,"href":"https:\/\/alperent.si\/index.php\/wp-json\/wp\/v2\/comments?post=75"}],"version-history":[{"count":3,"href":"https:\/\/alperent.si\/index.php\/wp-json\/wp\/v2\/pages\/75\/revisions"}],"predecessor-version":[{"id":78,"href":"https:\/\/alperent.si\/index.php\/wp-json\/wp\/v2\/pages\/75\/revisions\/78"}],"wp:attachment":[{"href":"https:\/\/alperent.si\/index.php\/wp-json\/wp\/v2\/media?parent=75"}],"curies":[{"name":"wp","href":"https:\/\/api.w.org\/{rel}","templated":true}]}}